st the prime factors of x.
2, 3, 1097
Let q(z) = -6*z + 420*z**2 - 3*z - 71 - 417*z**2. What are the prime factors of q(17)?
643
Let i(l) = 80*l**3 + l**2 + 16*l - 28. List the prime factors of i(2).
2, 3
Suppose 2*l + 20855 = -3*n + 59376, -6*n = -3*l + 57792. What are the prime factors of l?
2, 9631
List the prime factors of -25 - (-3553133)/172 - (1 - 18/8).
2, 3, 19, 181
Let l = 33 + -39. Let w(q) = -q**3 - 5*q**2 + 4*q - 10. Let z be w(l). Suppose -z*k + 29 = 3*j, -4*k + j + 67 = -26. List the prime factors of k.
2, 11
Suppose -5*y = -0*y + 4*d - 66891, 4*y = 3*d + 53519. Suppose 8*n - y = -763. List the prime factors of n.
19, 83
Let w = 5214 - -985. What are the prime factors of w?
6199
Let z = 5 - -16. Suppose -6*t - z = -21. Suppose 14*n - 12*n - 538 = t. What are the prime factors of n?
269
Let w = 379 + -377. Suppose 0 = -4*j + w*f + 3100, -16*j + 15*j - 2*f = -785. List the prime factors of j.
3, 7, 37
Let n be (-6)/(-18) + 3986*2/(-12). Let a = 1951 + n. What are the prime factors of a?
3, 11, 13
Let m be 9 + (-10)/(-4 + 6). Suppose 36312 = m*a + 30*a. List the prime factors of a.
2, 3, 89
What are the prime factors of (-185022)/(-456)*1/(9/528)?
2, 11, 541
Suppose 0 = 276*j - 256*j - 78000. Suppose -116*n + 122*n = j. List the prime factors of n.
2, 5, 13
Let c be -9*(3/2 + 70/(-84)). Let z = 325 - c. List the prime factors of z.
331
Suppose -3239 + 8489 = -14*i. Let d = i - -761. What are the prime factors of d?
2, 193
Suppose -3*y = 7*y - 2*y. Suppose -2*p = y, 2*r - 2*p + 5*p = 0. Suppose r = -5*z + 292 + 443. List the prime factors of z.
3, 7
Suppose 4*y + 388 = 8*y. Let b = -213 + y. Let i = -59 - b. List the prime factors of i.
3, 19
Let s = 22210 + 14323. List the prime factors of s.
7, 17, 307
Let q be (2/(-2) - -4) + 109. Let m be (9/(-2))/((-8)/q). Suppose m + 65 = 4*w. What are the prime factors of w?
2
Suppose -2*q + 3*z + 225 = -40, q + 2*z - 143 = 0. Suppose -m - 5*l = -105, -4*m + 3*l = -3*m - q. What are the prime factors of m?
5
Let l be (98/35 - 4)*170/(-3). Suppose 3*d + l = 8. List the prime factors of d/(-1) + (-13)/((-13)/(-2)).
2, 3
Let p be -66*(-66)/(-24)*(1 + -27). Suppose -7*o + 344 = p. Let g = -416 - o. List the prime factors of g.
11, 19
Suppose 11*r - 67207 = 4568. What are the prime factors of r?
3, 5, 29
Let h(v) = 2*v**2 + 15*v - 6. Let s be h(-15). Let n = s - 93. Let o = n + -10. List the prime factors of o.
2, 29
Suppose -685*u + 9317162 = 63*u - 13647934. What are the prime factors of u?
2, 3, 7, 17, 43
Suppose 3*g + 91 = -4*r, -2*r + 67 + 76 = -5*g. Let y = -167 - g. List the prime factors of 2/(-4)*-6 - y.
3, 47
Let h(q) = 2*q**3 - 11*q**2 + 23*q + 3. Let w be h(9). Let t = -526 + w. List the prime factors of t.
251
Let c be (-2)/8 - 168/(-32). Suppose -c*o + 141 = -3989. What are the prime factors of o?
2, 7, 59
Let s(w) = -2*w - 53. Let y(c) = -3*c - 106. Let q(b) = -9*s(b) + 4*y(b). List the prime factors of q(7).
5, 19
Suppose -3*s - 18 = -0. Let b be 0 + s*324/(-8). Let c = 530 - b. List the prime factors of c.
7, 41
Let m(a) = 2*a**3 + a**2 + 5*a - 13. Let d be m(-4). Let v = 251 + d. List the prime factors of v.
2, 53
Let a = -65 - -54. Let c be 4/1*(66/(-24))/a. List the prime factors of (8*16)/(2 + c + -2).
2
Let k = 24669 - 6898. What are the prime factors of k?
13, 1367
Let y = 86 - 83. Suppose 0 = 5*g + 5*p - 50, 0*p - 5 = y*g - 4*p. Suppose 0 = -g*c - 3*b - 57 + 355, -5*c - 2*b = -302. What are the prime factors of c?
2, 31
Let g be 2/(-8) + (-1106)/(-8). Suppose -56*s + 42210 = 46*s + 3*s. Suppose -g + s = 4*r. List the prime factors of r.
2, 3, 11
Let i = -94 - -92. Let x be i/1 - (-2 + 0). Suppose 3*u = -k + 1, -4*k - 2*u - 2*u + 12 = x. What are the prime factors of k?
2
Let d(x) = -10 + 68*x - 89*x - 137*x. List the prime factors of d(-1).
2, 37
Suppose 2*m + 4*r = 20732, -5*m - 22*r + 26*r = -51858. What are the prime factors of m?
2, 5, 17, 61
Let z = 68097 - 37968. What are the prime factors of z?
3, 11, 83
Let t = -488 - -482. What are the prime factors of (1518/(-9) - -6)/(2/t)?
2, 61
Let z be 80/(-100)*(-15)/1. Suppose -z*u = -19*u - 1624. Let w = -110 - u. What are the prime factors of w?
2, 61
Suppose -69*y = 50*y - 3048899. What are the prime factors of y?
25621
Suppose 4*d + 4*y = 32, 2*d + 2*y = -2*d + 22. Suppose -2*c + 321 = d*z - 147, -c - 3*z + 234 = 0. List the prime factors of c.
2, 3, 13
Let d = -63 - -105. Let r = d + -42. Suppose -780 = -5*x + 3*f - 6*f, -3*f = r. What are the prime factors of x?
2, 3, 13
Suppose -5*g + 36 = -h, -g + 4*g + h = 20. Let w(r) = -r**2 + 19*r - 6. What are the prime factors of w(g)?
2, 3, 13
Let c be ((-34)/22 - -1)*-33. Suppose -26460 = -2*w - c*w. List the prime factors of w.
3, 7
Let k(p) = -15 + 13*p + 11*p - 4*p**2 + 3*p**2. Suppose 0*u - 51 = -3*u. What are the prime factors of k(u)?
2, 13
Let d = -94 + 267. Suppose 16*w - d = 99. What are the prime factors of w?
17
Let n be (291/(-20) - (-1)/(-5))*20. Let x = 1204 + n. What are the prime factors of x?
3, 101
What are the prime factors of 7938 + (1 - (1 - 5)/(-28 + 29))?
13, 47
Let q(i) = 31*i**2 + 63*i + 615. What are the prime factors of q(-16)?
19, 397
Let l = 179 - -7. List the prime factors of l + 1/1*-5.
181
Let i(o) = -23*o**2 - 66*o + 112. Let l(s) = 13*s**2 + 33*s - 56. Let w(c) = 4*i(c) + 7*l(c). List the prime factors of w(-27).
2, 109
Suppose -12 = 4*a, 0*a = -2*g - 4*a - 58. Let j = 28 + g. Suppose -3*f + j*u + 164 = 0, 2*u - 10 = -f + 30. What are the prime factors of f?
2, 3
Let p(n) = 6 + n + n**3 - 2*n**2 + 3*n - n**2 - 3*n. Let q be p(5). Suppose f = 159 - q. List the prime factors of f.
2, 7
Let k(d) = 8*d**3 + 3*d**2 - 18*d + 8. Let p = -265 + 269. What are the prime factors of k(p)?
2, 31
Suppose 8*m - 4*m = 4*u + 69948, -3*m + 52469 = 5*u. Suppose -21*l + 866 + m = 0. What are the prime factors of l?
2, 19, 23
List the prime factors of 26594919/2295 + 9/5.
2, 5, 19, 61
Let z be 30960/70 + (-4)/14. List the prime factors of -3 + 0 + 0 + (z - -5).
2, 3, 37
Let w(q) = 1641*q + 1001. List the prime factors of w(15).
2, 1601
What are the prime factors of (-8)/(-14)*(-587706)/(210/(-15))?
2, 3, 1999
Let l = -4004 + 4474. Let o = -5 + 7. Suppose -6*q = -4*q + o*g - 290, 4*g = 3*q - l. What are the prime factors of q?
2, 3, 5
Suppose -3*a - 16 = -2*a. Let g = a + 12. What are the prime factors of (g/10)/((-12)/1230)?
41
Let a = -2372 + 13706. List the prime factors of a.
2, 3, 1889
Let s(x) = -7*x - 8. Suppose 5*r - 16 - 4 = 0. Let v be (-6)/(-4)*r*-1. What are the prime factors of s(v)?
2, 17
Let v = 657 + -206. Suppose -2*a + y = -877, -v = -a - 2*y - 0*y. What are the prime factors of a?
3, 7
Let p be 105288/(-90) - (-4)/(-30). Let r be ((-24)/(-9))/((-4)/p). Suppose r - 321 = 3*z. What are the prime factors of z?
3, 17
Let c(m) = -4*m - 27. Let l be c(-8). Suppose 0 = l*s + 144 - 1309. Let g = s + 35. What are the prime factors of g?
2, 67
Let o(u) = 15*u - u**3 + 2 + 11*u**2 + u**2 - 6 + 16. Let h = 631 + -619. What are the prime factors of o(h)?
2, 3
Let l(j) = -27*j + 18. Let z be l(-10). Suppose 9*t - 12*t + 15 = 0. Suppose -s - z = -t*s. What are the prime factors of s?
2, 3
Let f(w) = 20*w + 111. Let x be f(-5). Let r(j) = 58*j - 54. List the prime factors of r(x).
2, 73
What are the prime factors of (-12)/(-14) - -2*552172/217?
2, 5, 509
Suppose -2*k + 2*d = -k - 12, -k + 5*d + 27 = 0. Suppose k*p + 35 = g, -2*g + 190 = 3*g - 5*p. What are the prime factors of g?
41
Let x be -1*(-2 - -4) - -3. Let u be 29*4 - (-2 + x). Suppose -50*g + u = -47*g. List the prime factors of g.
3, 13
Suppose -131*l = -153*l + 593805 - 9925. List the prime factors of l.
2, 5, 1327
Let j be 8/16 + (-12)/(-8). Let m = 3 + 0. Suppose 5*r - 21 = 2*l, j*r - 4*l = m*r + 9. List the prime factors of r.
3
Let v = 40 + -39. Suppose -3 = -m - v. Let r(s) = 45*s - 7. What are the prime factors of r(m)?
83
Let r(m) be the third derivative of m**5/60 - 3*m**4/8 + m**3/3 + 5*m**2. Let q be r(6). List the prime factors of (-18)/((q/28)/2).
3, 7
Let t(x) be the third derivative of -x**4/24 + 5*x**3/3 + 5*x**2. Let m be t(8). Let d(p) = 12*p + 6. List the prime factors of d(m).
2, 3, 5
Let o = -22 + 26. Suppose o*t = 6*t - 18. Let j(f) = -f**3 + 11*f**2 - 2*f - 20. What are the